21
Let f(t) = 6*t**2 - 16*t - 15. Calculate f(-1).
7
Let y(x) = -4*x**2 + x + 7. Give y(3).
-26
Let o(f) = -f**3 - 4*f**2 + 42*f + 12. Give o(-8).
-68
Let p(m) = -12*m + 199. Give p(16).
7
Let l(d) = 47*d + 324. What is l(-7)?
-5
Let j(p) = -p**3 - p**2 + 4*p - 1. What is j(-3)?
5
Let a(v) = v - 23. Determine a(6).
-17
Let w(p) = p - 70. Determine w(61).
-9
Let d(q) = q**3 - 7*q**2 + 9*q - 7. What is d(7)?
56
Let s(b) = 4*b + 2. What is s(6)?
26
Let l(v) = -2*v - 3. Give l(-4).
5
Let p(z) = -z**3 - 5*z**2 - 2*z + 5. Calculate p(-4).
-3
Let f(h) = -6*h + 8. What is f(26)?
-148
Let l(s) = -2*s + 29. What is l(12)?
5
Let f(k) = 37*k + 124. What is f(-3)?
13
Let w(l) = l**2. Determine w(4).
16
Let k(l) = 12*l - 66. Calculate k(6).
6
Let r(i) = -10*i + 5. Calculate r(-3).
35
Let y(j) = -j**2 + 6*j + 10. What is y(7)?
3
Let n(f) = 2*f - 54. Give n(-18).
-90
Let a(t) = -t**3 - 10*t**2 - 7*t + 7. Calculate a(-8).
-65
Let d(t) = 7*t + 4. What is d(-10)?
-66
Let d(p) = -p**3 + 6*p**2 + 6*p + 5. What is d(7)?
-2
Let q(k) = 9*k + 1. What is q(1)?
10
Let x(r) = r**2 + 9*r + 17. What is x(-9)?
17
Let y(s) = 5*s**3 + s**2 - 3*s + 4. Determine y(2).
42
Let t(h) = h**3 - 13*h**2 + 19*h + 106. What is t(10)?
-4
Let m(j) = 3*j**2 + 11*j + 5. Determine m(-5).
25
Let l(o) = 21*o - 90. Determine l(5).
15
Let u(c) = 16*c**2 - 4*c - 4. What is u(-1)?
16
Let w(x) = -2*x**2 + 7*x - 7. Give w(4).
-11
Let n(w) = -2*w**2 + w - 9. Determine n(-6).
-87
Let u(v) = 5*v**2 - 137*v + 47. Calculate u(27).
-7
Let j(g) = 4*g**2 - 57*g - 6. Give j(14).
-20
Let x(u) = u**3 + 2*u**2 - 7*u - 3. Determine x(-4).
-7
Let o(p) = p**3 - 19*p**2 + 31*p + 42. What is o(17)?
-9
Let p(s) = -138*s + 1655. Give p(12).
-1
Let o(s) = s**2 + s - 184. Determine o(13).
-2
Let d(z) = -16*z + 9. Give d(3).
-39
Let m(a) = a + 22. Give m(-14).
8
Let w(r) = -r**2 - 5*r - 3. Determine w(-4).
1
Let c(h) = -h**2 + 4*h - 6. Determine c(5).
-11
Let c(s) = -2*s**3 - 22*s**2 + 29*s + 16. What is c(-12)?
-44
Let c(j) = -j**3 + 8*j**2 + 15*j - 24. Calculate c(9).
30
Let b(f) = f + 31. Determine b(-12).
19
Let a(t) = 9*t + 6. Determine a(-7).
-57
Let f(l) = 3*l - 2. Calculate f(-4).
-14
Let y(f) = -24*f - 14. What is y(-4)?
82
Let p(g) = g**2 - 11*g - 31. What is p(13)?
-5
Let b(c) = c**2 - 3*c - 64. What is b(10)?
6
Let z(h) = h**2 - 32*h - 8. Calculate z(32).
-8
Let q(h) = -26*h - 34. Give q(-5).
96
Let y(p) = -p**2 + 6*p + 18. Calculate y(7).
11
Let n(s) = 20*s**3 + s**2 - 2*s + 2. What is n(1)?
21
Let f(p) = -2*p**3 - 5*p**2 + 8*p + 16. Give f(-4).
32
Let u(r) = -r + 18. Give u(9).
9
Let z(u) = u**2 + 16*u + 16. Give z(-11).
-39
Let t(u) = -27*u + 841. Give t(31).
4
Let y(d) = -6*d + 20. What is y(4)?
-4
Let g(k) = k**2 + 2*k - 15. Give g(3).
0
Let o(q) = -q**3 + 6*q**2 + 10*q - 19. Determine o(7).
2
Let q(a) = -a**2 + 10*a - 11. Determine q(9).
-2
Let w(o) = -o**3 - 3*o**2 + 8*o + 3. Give w(-5).
13
Let q(c) = 4*c + 17. Determine q(0).
17
Let f(s) = -s**2 + 4*s + 16. Give f(8).
-16
Let y(b) = b - 38. Determine y(24).
-14
Let y(z) = -z**3 + 3*z**2 + 2*z - 3. What is y(4)?
-11
Let n(m) = -m + 13. What is n(11)?
2
Let n(v) = -v**3 - 16*v**2 - 51*v - 26. What is n(-12)?
10
Let l(w) = w**3 + w**2 + 10. Give l(0).
10
Let h(r) = -r**2 - 5*r - 20. Determine h(-8).
-44
Let a(s) = -s**3 - 11*s**2 - 8*s + 24. What is a(-10)?
4
Let u(i) = -2*i - 25. Give u(-12).
-1
Let r(c) = c**2 - 5*c + 5. Determine r(0).
5
Let l(u) = -5*u + 29. Give l(0).
29
Let c(w) = -5*w - 6. Calculate c(5).
-31
Let y(t) = -t + 1. What is y(-3)?
4
Let l(v) = -v**2 + 9*v - 8. Determine l(3).
10
Let l(o) = -o**3 - 9*o**2 - 8*o + 1. Determine l(-8).
1
Let h(u) = -u**2 + 20*u - 7. What is h(9)?
92
Let w(t) = 2*t - 18. What is w(10)?
2
Let u(k) = -k**2 + 13*k + 10. What is u(14)?
-4
Let n(d) = -d**3 - 2*d**2 + 6*d + 2. What is n(-3)?
-7
Let b(o) = -6*o**3 - o. Determine b(1).
-7
Let b(p) = -3*p - 6. Calculate b(-15).
39
Let k(w) = 7*w + 90. Determine k(-15).
-15
Let p(f) = 37*f**3 - 5*f**2 + 2*f - 2. Calculate p(1).
32
Let y(p) = -p**3 + 4*p**2 + 10*p + 3. Calculate y(-2).
7
Let q(w) = w**2 - 40*w + 258. What is q(32)?
2
Let u(n) = -n + 3. What is u(-13)?
16
Let c(x) = -2*x**2 - 14*x + 149. Determine c(6).
-7
Let b(w) = w**2 - 7*w + 2. Calculate b(7).
2
Let l(x) = -3*x - 11. Determine l(-5).
4
Let c(b) = 66*b**3 - b**2 - b + 1. Calculate c(1).
65
Let l(w) = w**2 + 9*w + 8. Calculate l(-10).
18
Let q(f) = -f**3 - 9*f**2 - 4*f + 21. Give q(-9).
57
Let m(t) = 2*t**2 + 5*t - 3. Give m(3).
30
Let m(p) = -4*p - 37. Give m(-16).
27
Let c(t) = 2*t**2 + 10*t - 96. Determine c(-10).
4
Let s(k) = k**2 - 6*k - 22. Calculate s(8).
-6
Let b(j) = -37*j - 75. What is b(-2)?
-1
Let y(s) = -4*s + 12. Determine y(6).
-12
Let o(n) = n**2 + 22*n + 52. Give o(-17).
-33
Let s(j) = j**2 + j - 3. Determine s(-3).
3
Let b(s) = -8*s + 5. Calculate b(0).
5
Let j(h) = h**2 + 5*h - 18. Give j(-7).
-4
Let i(q) = q**3 - 17*q**2 - 18*q + 18. Determine i(18).
18
Let u(d) = -d**2 + 14*d - 23. What is u(11)?
10
Let a(p) = -p**3 + 11*p**2 + 2*p - 16. What is a(11)?
6
Let x(y) = y**3 + y**2 - 4*y - 4. Determine x(3).
20
Let t(f) = -f**3 + 2*f**2 - 2*f + 1. Give t(1).
0
Let o(h) = 7*h - 4. Calculate o(1).
3
Let r(n) = 56*n + 3. Calculate r(2).
115
Let f(n) = -n + 16. What is f(8)?
8
Let t(z) = 105*z - 629. What is t(6)?
1
Let c(b) = -2*b + 8. Give c(-12).
32
Let n(u) = u**3 - 13*u**2 + u + 5. What is n(13)?
18
Let a(h) = 2*h**3 + h**2 + 6*h + 7. Give a(-2).
-17
Let n(r) = r**2 + 10*r + 20. Give n(-8).
4
Let m(v) = -77*v**3 + v**2 + 1. Calculate m(-1).
79
Let h(c) = c**3 - 19*c**2 + c - 12. Give h(19).
7
Let c(w) = -2*w**2 + w - 1. What is c(1)?
-2
Let z(i) = -i**3 + 11*i**2 - 10*i - 6. What is z(10)?
-6
Let w(c) = 2*c**2 - 33*c - 11. Calculate w(17).
6
Let k(n) = -4*n - 28. Give k(0).
-28
Let r(p) = -p**2 + 5*p + 4. Determine r(7).
-10
Let y(x) = x - 5. What is y(3)?
-2
Let h(b) = -b**3 - 11*b**2 - 8*b - 90. Determine h(-11).
-2
Let j(i) = -i**2 - 8*i. Give j(-4).
16
Let d(a) = -a**2 + 7*a - 7. What is d(9)?
-25
Let z(a) = -a**3 - 19*a**2 - 39*a - 37. Give z(-17).
48
Let u(k) = -k**2 - k + 36. Give u(0).
36
Let b(c) = c**2 + 16*c - 295. Determine b(-27).
2
Let z(u) = u**3 + 13*u**2 + 5. Determine z(-13).
5
Let d(q) = -q**3 - q + 18. Determine d(0).
18
Let j(z) = z**3 - 9*z**2 - 7*z - 22. Determine j(11).
143
Let r(q) = q**3 - q**2 - 21*q + 1. Calculate r(5).
-4
Let y(i) = -2*i**3 + 3*i**2 - 4*i - 3. What is y(-2)?
33
Let q(j) = 2*j**2 + 41*j + 135. What is q(-4)?
3
Let c(t) = t**3 - 3*t**2 - 9*t - 7. What is c(5)?
-2
Let y(w) = 4*w**3 + 68*w**2 - 3*w - 41. Give y(-17).
10
Let x(z) = 4*z + 5. Determine x(-2).
-3
Let g(i) = -55*i**2 - 1. Calculate g(-1).
-56
Let d(o) = -2*o**3 + 9*o**2 - 10*o + 11. Determine d(3).
8
Let n(z) = -z - 4. Calculate n(-7).
3
Let p(t) = t**2 + 10*t + 26. Give p(-4).
2
Let i(s) = -10*s - 4. Determine i(1).
-14
Let k(a) = 2*a**3 - 4*a + 1. Calculate k(3).
43
Let b(t) = t**3 - t**2 - 4*t - 6. What is b(3)?
0
Let i(s) = -8*s + 14. Calculate i(4).
-18
Let g(m) = m**2 - 8*m - 22. Give g(9).
-13
Let d(t) = 6*t - 137. Give d(21).
-11
Let p(a) = -a**3 - 4*a**2 + 11*a + 7. What is p(-5)?
-23
Let k(f) = -36*f + 253. Give k(7).
1
Let b(z) = 62*z**3 - z**2 - z - 1. What is b(-1)?
-63
Let v(c) = c**3 + 3*c**2 - 1. Determine v(-1).
1
Let k(g) = g**2 - 15*g - 130. Determine k(21).
-4
Let b(x) = -7*x**3 - 5*x**2. Give b(-2).
36
Let q(k) = -30*k - 8. Determine q(-2).
52
Let j(v) = -v**2 + 8*v. Give j(8).
0
Let l(c) = c**3 - 2*c**2 - 5*c + 3. Determine l(-4).
-73
Let t(y) = 2*y**2 - 3*y - 9. Give t(8).
95
Let b(x) = -4*x + 26. What is b(5)?
6
Let o(p) = p**3 - 8*p**2 + 8*p. What is o(7)?
7
Let d(y) = y**3 + 7*y**2 + 8*y - 19. Calculate d(-4).
-3
Let t(y) = -6*y + 17. What is t(3)?
-1
Let b(a) = a**3 + a**2 - 12*a - 20. Determine b(-4).
-20
Let z(y) = y**3 - 6*y**2 - 3*y + 14. Give z(6).
-4
Let c(g) = -g**2 + 2*g - 6. Give c(3).
-9
Let o(r) = -r**2 + 7*r - 6. What is o(3)?
6
Let t(h) = 9*h**3 - h**2 - 2*h - 2. Calculate t(-1).
-10
Let w(i) = i**2 - 7*i + 24. Give w(6).
18
Let m(s) = 12*s - 105. Calculate m(10).
15
Let i(j) = 31*j - 693. What is i(22)?
-11
Let q(l) = -l**2 + 6*l - 7. Give q(2).
1
Let h(s) = -s + 27. Determine h(10).
17
Let x(c) = 25*c + 26. Determine x(-1).
1
Let q(p